d k?
15
Suppose -2*u + 52 = 38. Let l(g) = g**2 - 2*g + u*g + 12 + g + 7*g. Let r be l(-13). Calculate the greatest common factor of 1 and r.
1
Let q(l) = 31*l**2 + 21*l - 64. Let r be q(-6). What is the highest common factor of 2 and r?
2
Suppose -a + l = -74, 55*l = 4*a + 50*l - 304. Calculate the greatest common divisor of 4785 and a.
33
Suppose -50*v = -4*v + 5*v - 306. What is the greatest common factor of 3594 and v?
6
Let y(h) = 4*h**2 - 164. Let r be y(0). Let n = 470 + r. Calculate the highest common divisor of 34 and n.
34
Suppose 46*r = 337*r - 220869. What is the highest common factor of 1023 and r?
33
Suppose 4*g - 134*v - 6701 = -137*v, -5*g + 8370 = 5*v. Calculate the highest common factor of 219 and g.
73
Let z be 3790 - (46/(-9) - (-10)/(17 + 73)). Calculate the highest common factor of z and 299.
23
Let o = 91 - 87. Suppose -o*r - 2*h = r, 0 = -3*h. Suppose 65 = 5*i - 0*d - 2*d, r = 4*i - 4*d - 64. Calculate the greatest common factor of 11 and i.
11
Let i = -58 - -54. Let s = 5 - i. Let k(o) = o + 1. Let j be k(s). Calculate the highest common divisor of j and 30.
10
Let c(k) = -28*k + 117. Let o be c(4). Suppose 4*i - 4*f - 52 = -0*i, 0 = -3*f + 6. What is the highest common divisor of i and o?
5
Suppose 0 = 3*i + 2*q - 126, -2*i = 4*q - 2086 + 1986. Let u = 944 + -336. Calculate the greatest common divisor of i and u.
38
Let v be 4 + 1 + 1 + (-1025)/(-205). Let q = 1459 - 848. Suppose 2*k + q = 5*c, 8*c - 4*c + 4*k = 472. What is the highest common factor of c and v?
11
Let v be (-5 - -8) + -1 + 39 + -1. Suppose 6*w + v = w. Let r be (w/(-12))/((-3)/(-171)). Calculate the highest common factor of r and 19.
19
Let j = 387 - 385. Let h be 24/3 + (-1)/1. Suppose 3*b - 35 = 4*v, 5*v - 2 + h = -4*b. What is the greatest common factor of j and b?
1
Let d = -6 + 4. Suppose 5*s = 5*o - 15, 2*s + 5*o = 17 + 5. Let g be 21/(s/(-1) - d). What is the greatest common divisor of g and 3?
3
Suppose -48*n - 82*n = -46*n - 12012. What is the highest common factor of n and 1027?
13
Suppose 4*u = -5*s + 205 + 2225, -4*s + 1955 = u. Calculate the greatest common divisor of 50 and s.
10
Suppose -u - 250 = -2*c + 135, 5*u + 2*c + 1961 = 0. Let p = u - -449. What is the highest common factor of 4 and p?
2
Suppose -3*l + 0*h - 18 = 3*h, 0 = -3*l + 3*h - 24. Let w be (-10)/(-33 + l) - 43/(-4). Calculate the greatest common factor of 22 and w.
11
Suppose -8*y - 2*u = -5*y - 2450, -2*y + 1655 = -3*u. Let a(l) = -5*l - 4. Let x be a(-9). What is the highest common factor of y and x?
41
Let h(r) = -3*r**3 + 36*r**2 + r - 12. Let k be h(12). Suppose 5*v + w - 132 = k, -2*v - 9*w = -5*w - 42. Calculate the greatest common divisor of 3 and v.
3
Let c be (-156)/14*9/((-81)/63). Suppose -37*q = -40*q + c. Calculate the greatest common divisor of 1 and q.
1
Suppose -39891 - 31986 = -247*k. What is the highest common factor of 19109 and k?
97
Let o be (-1454)/(-3) + (-7 - (-264)/36). Let w = -476 + o. What is the greatest common factor of w and 3?
3
Let b(i) = 9*i + 3. Let s be (0 + (-1 - 0))*(2 - 7). Let v be b(s). What is the greatest common factor of v and 8?
8
Suppose -2*a + 8*a = -4*a + 850. Calculate the greatest common factor of 68 and a.
17
Suppose -3 = -3*y, 0 = -3*n - 36*y + 31*y + 173. Suppose 4*a - a - 144 = 0. Let m = n - a. What is the highest common divisor of 20 and m?
4
Let z(d) = -3*d - 1. Let w be z(-6). Let r = -64438 - -64441. Calculate the highest common factor of r and w.
1
Let a = 47 - 26. Let i = 144 + -126. Calculate the greatest common divisor of i and a.
3
Suppose v - 264 = 3*h, -54*h = -50*h - 16. Calculate the greatest common factor of v and 1392.
12
Let j be (-28)/((1/6)/((-25)/75)). Let r = 128 - 64. Calculate the highest common divisor of r and j.
8
Let y be ((-2)/4)/(25/(-1500)). Suppose -y = 5*p - 5. Let u be p*(-4 - 0*(-1)/(-3)). Calculate the highest common divisor of u and 40.
20
Let l be ((-2 + 3)*1)/(1/23). Let y = l + -19. Let q be 62 - (1 + 0 - (y - 2)). What is the highest common divisor of q and 9?
9
Suppose -2*o - 27 = -37. Suppose -2*f = -4*a + 50, 30 = -0*a + o*a + 4*f. What is the greatest common divisor of a and 190?
10
Let d(m) = 186*m - 875. Let v be d(5). What is the greatest common factor of v and 1111?
11
Suppose -2*k + 11508 = 4*i, 14675 = 5*i - 3*k + 257. Calculate the greatest common factor of 675 and i.
45
Suppose -4*n + 35 = -61. Suppose 0*v - 10*v - 200 = 0. Let j be (-20)/15*3 - v. Calculate the greatest common divisor of j and n.
8
Suppose 222*h - 934 = 25*h + 39451. Calculate the greatest common divisor of 255 and h.
5
Let k = 47055 - 45009. What is the highest common factor of 6479 and k?
341
Suppose c = 4*c + 3008 - 15824. Calculate the greatest common divisor of c and 96.
48
Let b be ((-4)/4 - -3)*(1 + 4). Let i be (-215)/b*(3*-2 + 2). Suppose -c = a - 23, 5*a + c - i - 45 = 0. What is the greatest common divisor of 3 and a?
3
Let f = 352 + -262. Let m be (14/42)/(3/f). Calculate the highest common factor of 205 and m.
5
Let y be (2/(-6))/(3/(-63)). Let u(a) = -a**3 + 6*a**2 + 9*a - 7. Let m be u(y). Suppose 3*v - 4*v = -77. What is the greatest common factor of v and m?
7
Let t = 60 + -65. Let z(r) = -r**2 - 5*r + 5. Let f be z(t). Suppose 2*v - 6 = 4. Calculate the greatest common divisor of v and f.
5
Let p(s) = 7*s**2 + s. Let k be p(1). Let o = -196 + 221. Let c be 1015/o + -2 + 21/15. What is the greatest common factor of c and k?
8
Suppose 239*o + 8 = 241*o. Suppose -o = -h, -3*d + 73 + 443 = -3*h. Calculate the greatest common factor of 16 and d.
16
Let c(w) = w**3 + 4*w**2 - 6*w - 30. Let n be c(4). Let u be (0 - 6/(-9))*3. What is the greatest common factor of n and u?
2
Let r be (33*64/9504)/(5/630). Let m be (-18)/2*(-6)/9. Let f(v) = -v**3 + 6*v**2 + 3*v - 4. Let g be f(m). What is the highest common divisor of g and r?
14
Suppose 0 = -67*q + 121*q - 63*q + 7866. What is the greatest common factor of 38 and q?
38
Let u = -15503 - -20313. Calculate the highest common factor of 50 and u.
10
Let r be 4*(-65)/10 - (-1 - 0). Let f = r - -67. Suppose 3*v + 6 = 0, 2*p - 4*v - f = 196. What is the greatest common divisor of p and 46?
23
Let w(m) = m. Let l(o) = -19. Let s = 37 - 40. Let i(d) = s*l(d) - 24*w(d). Let j be i(-5). What is the greatest common divisor of 118 and j?
59
Let c(m) = -100*m - 607. Let s be c(-7). Calculate the highest common factor of 12927 and s.
93
Let j be (5 - (-55)/(-10))*-140. What is the highest common divisor of j and 42?
14
Let t be (4/(-10))/(14/(-2940)). Let o(q) = -q**2 + 10*q + 360. Let z be o(22). What is the highest common divisor of z and t?
12
Let l be ((-5)/(-15))/((-2)/18)*-1. Let t be (-46)/(-138)*(l + -1 - -1). What is the greatest common divisor of 25 and t?
1
Suppose 11*s - 260 = 24*s. Let b be (-8)/s - (-9080)/50. Calculate the greatest common factor of 52 and b.
26
Let i(b) = b**2 + 30*b + 323. Let q be i(-13). Calculate the highest common divisor of q and 126.
6
Let d = 30705 + -27532. Calculate the highest common divisor of d and 1336.
167
Suppose -2*t = x + 12, 3*x + 5*t = -0*x - 31. Let w be (x + -6)*(-10)/((-520)/(-221)). What is the greatest common divisor of 119 and w?
17
Suppose 57*v + 138690 - 179880 = 460239. Calculate the greatest common factor of v and 114.
19
Let p be 4 - ((-1242)/3)/(-1). Let k = -314 - p. Calculate the highest common factor of 32 and k.
32
Let f be (80/(-28))/5 - (-10986)/42. Let b be f/21 + (-2 - 44/(-28)). Calculate the highest common factor of b and 18.
6
Let m = -8525 - -8641. What is the greatest common divisor of m and 5713?
29
Let p(r) = r**2 - 5*r + 8. Suppose -5*m - 11*j = -10*j - 58, 40 = 4*m + 4*j. Let h be p(m). What is the highest common factor of 115 and h?
23
Let h be (16212/15)/(759/420 - 280/160). What is the highest common divisor of 14 and h?
14
Suppose -157*z = -161*z + 280. Suppose -5*l + 115 = 5*o, 0 = -0*o - 4*o - 20. What is the highest common factor of l and z?
14
Let y = 4 - 185. Let t = y + 206. Let z be (-10)/(-1)*(-30)/(-12). What is the greatest common divisor of t and z?
25
Let u = 110 + -107. Suppose 4*q = u*y + 159, 0 = 3*q + 4*y + 2 - 140. What is the greatest common divisor of q and 28?
14
Let y = -2 + 2. Let a be 80/(0 + (y - -1)). Suppose 3*q + 2*q = -2*r + 108, -4*q -